4*w**2 + 6*w - 5. What is the remainder when r(o) is divided by 5?
4
Let w be ((-33)/2)/((-3)/60). Suppose -2*y - 21 = -7*n + 4*n, 40 = 5*n - 5*y. Suppose -n*b = -10*b + w. Calculate the remainder when b is divided by 23.
20
Let o(k) = k**3 + 5*k**2 - 4*k - 8. Let u be o(-6). Let d be (-24)/(-10) - (-8)/u. Calculate the remainder when 32 is divided by (22/4)/(d/4).
10
Let r(k) = -47*k**3 + k**2 - 7*k - 6. What is the remainder when 116 is divided by r(-1)?
18
Let i(l) be the third derivative of l**4/12 + 9*l**3/2 + 18*l**2. Calculate the remainder when 87 is divided by i(-6).
12
Suppose 2*d = 2*c - 102, 0*c = 3*c - 5*d - 163. What is the remainder when c is divided by 10?
6
Suppose -2*n = 5*j + 5 + 10, 3*n = 5*j + 15. Suppose -3*d + 17 = 2*x, n = 2*x + 2*x - 4. Suppose d*c - 76 = c. What is the remainder when 75 is divided by c?
18
Suppose 145 = 5*s + 435. Let b = -22 - s. Suppose -977*h = -979*h + 38. Calculate the remainder when b is divided by h.
17
Let x = 12 - -6. Let i be ((-960)/(-72))/(4/42). Let r = i - 72. What is the remainder when r is divided by x?
14
Suppose 0 = -5*t + 5*k - 710, 2*k - k = -3*t - 410. Let x be (t/(-24))/((-1)/(-4)). What is the remainder when 54 is divided by x + -4 + 0/2?
16
Let n be 410/60 - 1/(-6). Suppose -1 = 3*z - n. Suppose z*u - 48 = u. What is the remainder when u is divided by 17?
14
Suppose 3*v = -i + v - 7, 2*v + 6 = -2*i. Calculate the remainder when (37/(-1))/(i - 2) is divided by 20.
17
Let g(f) = -f**3 - f**2 + 13. Suppose 11 = 4*x - 69. Suppose -4*m = -i - 0*i - 36, x = -5*i. What is the remainder when g(0) is divided by m?
5
Suppose 11*w = 16*w - 20. Suppose 4*d + w*m = 60, -5*d + 3*m = -32 - 19. What is the remainder when 106 is divided by d?
10
Suppose -2*i = -5*b + 10, i - b + 5 = -0*b. Let d = i + 8. Suppose -d*q + 52 - 4 = 0. Calculate the remainder when 29 is divided by q.
13
Let i = 31 - 18. What is the remainder when i is divided by -2*(-65)/30 + 2/(-6)?
1
Let m(g) = -4*g**3 + 38*g**2 - 15*g + 1. Calculate the remainder when 74 is divided by m(9).
18
Suppose -h = -2*p + 1, 3 = 3*p - 3*h + 6. What is the remainder when p + 5*12/20 is divided by 3?
2
Suppose -55*i + 1430 = -33*i. Let o(r) = -r**2 - 12*r - 11. Calculate the remainder when i is divided by o(-6).
15
Let i(q) = q**3 - 9*q**2 + 4*q + 7. Let c be i(9). Suppose 2*r - 5*p - c = 0, 30 + 34 = 5*r + 2*p. Calculate the remainder when 69 is divided by r.
13
Suppose -78*r + 605 = -23*r. Calculate the remainder when 327 is divided by r.
8
Let j(y) = y**3 + y**2. Let n be j(0). Suppose -4*k - k + 55 = n. What is the remainder when -1 - 18/(-14) - (-4692)/238 is divided by k?
9
Suppose -3*v = -9*y + 13*y - 12, -5*y + 15 = -2*v. Calculate the remainder when 17 is divided by y.
2
Let l = 20 + -14. Suppose -2*j - l = -4*j. Suppose 0*s = -j*s + 57. Calculate the remainder when 55 is divided by s.
17
Let k = -70 - -104. Suppose 5*n - 4*l = 52, 4*l - 68 = n - 6*n. What is the remainder when k is divided by n?
10
Suppose -x = 2*a - 2, 2*x - 2*a = 2*a + 36. Suppose -x*p = -3*g - 12*p + 366, 0 = -2*p. What is the remainder when g is divided by 25?
22
Suppose t - 5*q = 5*t - 755, -q - 951 = -5*t. What is the remainder when t is divided by 27?
1
Suppose 2*s + 2*l - 6*l + 4 = 0, -2*s - 11 = 3*l. Calculate the remainder when ((-48)/(-14))/(s/(-28)) is divided by 9.
6
Suppose 3*p = h + 6*p - 14, -h + 4*p = 0. Suppose -9*l - 22*l = -682. Calculate the remainder when l is divided by h.
6
Suppose -3*z = -5*a + 4 + 23, 0 = 4*z + 4*a + 4. Let d(b) = -b**2 - 4*b + 5. What is the remainder when 8 is divided by d(z)?
3
Let b be (-3)/4 + (-454)/(-8). Suppose i = -i + b. What is the remainder when 110 is divided by i?
26
Let b(p) = -4*p + 16. Let u be b(4). Suppose u = -4*i + 2*i - k + 9, k - 1 = 0. Calculate the remainder when i is divided by 1.
0
Suppose -i + 31 = 22. Calculate the remainder when 78 is divided by i.
6
Suppose -22 + 7 = 3*k. Let x(c) = c**2 - 2*c - 5. Suppose 10*i + 494 = 1964. Calculate the remainder when i is divided by x(k).
27
Let w = 17 - 10. Let q = 21 - w. Let k = q + 10. Calculate the remainder when 45 is divided by k.
21
Suppose 0 = 4*g - 217 + 29. Suppose -4*z - 1 = p - 65, -5*z = -4*p - 101. What is the remainder when g is divided by z?
13
Suppose -2*d = 3*i - 38, 455*i - 451*i - 2*d = 46. Suppose -2*g = -173 + 63. What is the remainder when g is divided by i?
7
Let w(b) = 5*b**2 + 41*b + 21. What is the remainder when w(-9) is divided by 15?
12
Let b(u) = u**3 - 22*u**2 - u + 24. Let z be b(22). Suppose k - z*k = -4*j + 24, k = -4*j + 24. Calculate the remainder when 15 is divided by j.
3
Let m = 11 + 18. Calculate the remainder when 81 is divided by m.
23
Suppose -2*p - 10 = 0, -2*a + p = -4*p - 107. Calculate the remainder when 163 is divided by a.
40
Let n(s) = -s + 9. Calculate the remainder when 160 is divided by n(0).
7
Suppose 0 = m - 2*m + 2, -d = 4*m - 116. Suppose -3*v = -5*h - d, -40 = -5*v + 4*v + 3*h. Calculate the remainder when v is divided by 8.
7
Suppose 4*s - 2*s = 6. Suppose -s*f = -13 - 11. Calculate the remainder when 27 is divided by f.
3
Let d(h) be the second derivative of 5*h**4/6 - h**3/6 - 5*h**2 - 5*h. What is the remainder when d(-3) is divided by 28?
27
Let r = 18 + -17. What is the remainder when ((2 - -19) + 2)*r is divided by 8?
7
Let l = 39 - 24. Calculate the remainder when 101 is divided by l.
11
Let s = -102 - -139. Suppose 286 + 619 = 5*h. What is the remainder when h is divided by s?
33
Let y = -122 - -189. Suppose m + 2*m - 69 = 0. Calculate the remainder when y is divided by m.
21
Let b = -37 - -52. Let v = 22 + -14. Let t = -4 + v. Calculate the remainder when b is divided by t.
3
Let z = -44 + 25. Let p = -4 - z. Let b(d) = -d**3 + 6*d**2 + 8*d - 3. Calculate the remainder when p is divided by b(7).
3
Let v(h) = 46*h - 414. What is the remainder when v(17) is divided by 5?
3
Suppose -5 + 19 = 2*l. Let k(b) = -10*b. Suppose 7*t - 3*t + 8 = 0. Calculate the remainder when k(t) is divided by l.
6
Suppose -10 = -3*x + 26. Let a = x - -6. What is the remainder when 33 is divided by a?
15
Suppose 4*l - 48 = l. Calculate the remainder when ((-22)/6)/((-2)/24) is divided by l.
12
Let b(j) = 2*j**2 + 11*j - 2. Let o be b(-9). Suppose o = -4*k + g + 162, 3*k - 63 = 5*g. Suppose 73 = 3*s - k. Calculate the remainder when s is divided by 17.
16
Suppose 2*p = -2*j + 42, 2*p = -4*j + 35 + 1. Suppose -5*h - 12 - 38 = 0. Calculate the remainder when (-613)/(-13) + h/65 is divided by p.
23
Let f be (-3 - (0 - 2))*-3. What is the remainder when f/5*(-2 - (-3 - 4)) is divided by 3?
0
Let b be (-7 - -6)*(-3)/((-3)/1). What is the remainder when 3 is divided by (-4)/b - (-2)/(-2)?
0
Let p(z) = 2*z + 1. Suppose 17*y + 14 - 626 = 0. What is the remainder when y is divided by p(6)?
10
Let f(t) = 4*t + 31. What is the remainder when 36 is divided by f(-5)?
3
Suppose 2*k - 3*l - 6 = l, 3*k + 3*l = 36. Let x(a) = -a**3 + 13*a**2 - 18*a - 28. What is the remainder when x(11) is divided by k?
7
Let c be (-12)/8*(-174)/(-9). Let k = c + 52. Let s = -56 - -100. Calculate the remainder when s is divided by k.
21
Calculate the remainder when (-608)/76 - (1 + -535) is divided by 11.
9
Let x be 46 + ((-6)/27 - (-100)/(-36)). Let n = x - 34. What is the remainder when n is divided by 5?
4
Let o(t) be the first derivative of -t**2/2 + 22*t + 7. Calculate the remainder when 57 is divided by o(10).
9
Let x be 16/12*21/14. Calculate the remainder when (-68 - -1)/((-1)/x) is divided by 27.
26
Let y be (-4)/(-16) - (-2428)/16. Let j = y - 74. What is the remainder when j is divided by 16?
14
Let a be 63/((-7)/(42/9)). What is the remainder when ((-742)/a)/((-2)/(-6)) is divided by 19?
15
Suppose 4*t = 4*z + 16, 4*t - 10 = 3*t - 2*z. Suppose -2*s + t*s = 204. Let v = 14 + 13. What is the remainder when s is divided by v?
24
Suppose -v + 4*v - 178 = -4*d, 6 = 3*v. Calculate the remainder when d is divided by 42.
1
Suppose -3*k - 4*l = -150, 6*l = 3*k + 4*l - 150. Calculate the remainder when 299 is divided by k.
49
Suppose 0 = -5*n - 3*w + 484 + 150, -372 = -3*n + w. Calculate the remainder when n is divided by 6.
5
Let q(a) = -a**2 + 60*a + 1039. Let i be (2 + 62/(-10))*-5. Let y = i - 12. Calculate the remainder when y is divid